{"id":208,"date":"2022-02-01T20:55:33","date_gmt":"2022-02-01T20:55:33","guid":{"rendered":"https:\/\/repensek.si\/?page_id=208"},"modified":"2024-04-22T10:15:39","modified_gmt":"2024-04-22T10:15:39","slug":"avtomatizacije","status":"publish","type":"page","link":"https:\/\/repensek.si\/?page_id=208","title":{"rendered":"Avtomatizacije"},"content":{"rendered":"\t\t<div data-elementor-type=\"wp-page\" data-elementor-id=\"208\" class=\"elementor elementor-208\">\n\t\t\t\t\t\t<div class=\"elementor-inner\">\n\t\t\t\t<div class=\"elementor-section-wrap\">\n\t\t\t\t\t\t\t\t\t<section class=\"elementor-section elementor-top-section elementor-element elementor-element-6cee0c21 elementor-section-boxed elementor-section-height-default elementor-section-height-default\" data-id=\"6cee0c21\" data-element_type=\"section\">\n\t\t\t\t\t\t<div class=\"elementor-container elementor-column-gap-default\">\n\t\t\t\t\t\t\t<div class=\"elementor-row\">\n\t\t\t\t\t<div class=\"elementor-column elementor-col-100 elementor-top-column elementor-element elementor-element-198bce4b\" data-id=\"198bce4b\" data-element_type=\"column\">\n\t\t\t<div class=\"elementor-column-wrap elementor-element-populated\">\n\t\t\t\t\t\t\t<div class=\"elementor-widget-wrap\">\n\t\t\t\t\t\t<div class=\"elementor-element elementor-element-49df8ec7 elementor-widget elementor-widget-text-editor\" data-id=\"49df8ec7\" data-element_type=\"widget\" data-widget_type=\"text-editor.default\">\n\t\t\t\t<div class=\"elementor-widget-container\">\n\t\t\t\t\t\t\t\t<div class=\"elementor-text-editor elementor-clearfix\">\n\t\t\t\t<p>\u00a0<\/p>\n<p>\u00a0<\/p>\n<main id=\"main\" class=\"site-main clr\" role=\"main\">\n<p>\u00a0<\/p>\n<div class=\"elementor elementor-200\" data-elementor-type=\"wp-page\" data-elementor-id=\"200\">\n<div class=\"elementor-inner\">\n<div class=\"elementor-section-wrap\">\n<section class=\"elementor-section elementor-top-section elementor-element elementor-element-8591543 elementor-section-boxed elementor-section-height-default elementor-section-height-default\" data-id=\"8591543\" data-element_type=\"section\">\n<div class=\"elementor-container elementor-column-gap-default\">\n<div class=\"elementor-row\">\n<div class=\"elementor-column elementor-col-100 elementor-top-column elementor-element elementor-element-b51de9c\" data-id=\"b51de9c\" data-element_type=\"column\">\n<div class=\"elementor-column-wrap elementor-element-populated\">\n<div class=\"elementor-widget-wrap\">\n<div class=\"elementor-element elementor-element-62758aa elementor-widget elementor-widget-text-editor\" data-id=\"62758aa\" data-element_type=\"widget\" data-widget_type=\"text-editor.default\">\n<div class=\"elementor-widget-container\">\n<div class=\"elementor-text-editor elementor-clearfix\">\n<h1 class=\"MsoNormal\" style=\"margin-bottom: 0cm; mso-line-height-alt: 14.4pt; mso-outline-level: 1;\"><span style=\"color: #000000;\"><b><span style=\"font-size: 26.5pt; font-family: inherit, serif;\">Re\u0161itve po meri<\/span><\/b><\/span><\/h1>\n<h3 class=\"MsoNormal\" style=\"margin-bottom: 15pt; background-image: initial; background-position: initial; background-size: initial; background-repeat: initial; background-attachment: initial; background-origin: initial; background-clip: initial;\">Cenovno ugodne re\u0161itve po meri s kratkimi dobavnimi roki<\/h3>\n<p class=\"MsoNormal\" style=\"margin-bottom: 18pt; line-height: normal; background-image: initial; background-position: initial; background-size: initial; background-repeat: initial; background-attachment: initial; background-origin: initial; background-clip: initial;\">Poleg standardnih strojev RKsolutions dobavlja tudi re\u0161itve po meri. Stroji in re\u0161itve, ki v celoti ustrezajo \u017eeljam in potrebam na\u0161ih strank, \u010desar z na\u0161imi standardnimi stroji ni mogo\u010de uresni\u010diti. Razvoj je mogo\u010de na\u010drtovati, preizkusiti in realizirati v kratkem \u010dasu po privla\u010dnih cenah.<\/p>\n<h3>Avtomatizacija proizvodnje<\/h3>\n<p>Re\u0161itve po meri so pogosto potrebne za nove ali zelo specifi\u010dne aplikacije tehnologije ali pri uporabi tehnologije v popolnoma avtomatiziranih proizvodnih linijah.<\/p>\n<h3>\u00a0<\/h3>\n<h3>Nove funkcije in raz\u0161iritve<\/h3>\n<p>\u010ce je mogo\u010de, najprej skupaj s stranko poi\u0161\u010demo mo\u017enosti za prilagoditev in raz\u0161iritev na\u0161ih obstoje\u010dih strojev, tako da bodo ustrezali zahtevam in \u017eeljam naro\u010dnika.<\/p>\n<h3>\u00a0<\/h3>\n<h3>Razvoj in realizacija novih strojev<\/h3>\n<p>\u010ce prilagoditev ali raz\u0161iritev na\u0161ih strojev ni dovolj, RKsolutions ponuja tudi mo\u017enost razvoja popolnoma novega stroja. Izhodi\u0161\u010de so specifikacija, zahteve in \u017eelje naro\u010dnika. Skupaj s stranko i\u0161\u010demo najbolj\u0161o re\u0161itev, ki ustreza prora\u010dunu in razpolo\u017eljivemu \u010dasu.<\/p>\n<h3>Od ideje do popolnega proizvodnega stroja<\/h3>\n<p>RKsolutions ima obse\u017eno znanje in strokovnost na podro\u010dju senzorske tehnologije, elektronike, mehanike in programske opreme. Zdru\u017eite to z bogatimi izku\u0161njami pri razvoju projektov, procesov in izdelkov in ustvarite popolno me\u0161anico, ki v kratkem \u010dasu prinese nov razvoj od dokazovanja koncepta do prototipa in izdelka, vklju\u010dno s certifikatom CE v skladu s smernicami za stroje in zahtevami za lasersko varnost. Tudi med projektom izdaje RKsolutions nudi podporo po \u017eelji za nadaljnjo optimizacijo postopka in nastavitev.<\/p>\n<h3>Va\u0161 prilagodljiv partner<\/h3>\n<p>Pri projektih RKsolutions je klju\u010dna fleksibilnost. Prilagajamo se \u017eeljam in zahtevam naro\u010dnika. In pripravimo prakti\u010dne in izvedljive re\u0161itve na podlagi na\u0161ega znanja in ve\u0161\u010din.<\/p>\n<\/div>\n<\/div>\n<\/div>\n<\/div>\n<\/div>\n<\/div>\n<\/div>\n<\/div>\n<\/section>\n<\/div>\n<\/div>\n<\/div>\n<p>\u00a0<\/p>\n<\/main>\n<p>\u00a0<\/p>\t\t\t\t\t<\/div>\n\t\t\t\t\t\t<\/div>\n\t\t\t\t<\/div>\n\t\t\t\t\t\t<\/div>\n\t\t\t\t\t<\/div>\n\t\t<\/div>\n\t\t\t\t\t\t\t\t<\/div>\n\t\t\t\t\t<\/div>\n\t\t<\/section>\n\t\t\t\t<section class=\"elementor-section elementor-top-section elementor-element elementor-element-8db5a52 elementor-section-boxed elementor-section-height-default elementor-section-height-default\" data-id=\"8db5a52\" data-element_type=\"section\">\n\t\t\t\t\t\t<div class=\"elementor-container elementor-column-gap-default\">\n\t\t\t\t\t\t\t<div class=\"elementor-row\">\n\t\t\t\t\t<div class=\"elementor-column elementor-col-33 elementor-top-column elementor-element elementor-element-bf46d93\" data-id=\"bf46d93\" data-element_type=\"column\">\n\t\t\t<div class=\"elementor-column-wrap elementor-element-populated\">\n\t\t\t\t\t\t\t<div class=\"elementor-widget-wrap\">\n\t\t\t\t\t\t<div class=\"elementor-element elementor-element-0cf6dfc elementor-widget elementor-widget-image\" data-id=\"0cf6dfc\" data-element_type=\"widget\" data-widget_type=\"image.default\">\n\t\t\t\t<div class=\"elementor-widget-container\">\n\t\t\t\t\t\t\t\t<div class=\"elementor-image\">\n\t\t\t\t\t\t\t\t\t\t\t\t<img loading=\"lazy\" decoding=\"async\" width=\"300\" height=\"258\" src=\"https:\/\/repensek.si\/wp-content\/uploads\/2024\/04\/22121423-3337-4a79-b417-3ffb1f2d9de8-300x258.png\" class=\"attachment-medium size-medium wp-image-382\" alt=\"\" srcset=\"https:\/\/repensek.si\/wp-content\/uploads\/2024\/04\/22121423-3337-4a79-b417-3ffb1f2d9de8-300x258.png 300w, https:\/\/repensek.si\/wp-content\/uploads\/2024\/04\/22121423-3337-4a79-b417-3ffb1f2d9de8.png 483w\" sizes=\"(max-width: 300px) 100vw, 300px\" \/>\t\t\t\t\t\t\t\t\t\t\t\t\t\t<\/div>\n\t\t\t\t\t\t<\/div>\n\t\t\t\t<\/div>\n\t\t\t\t<div class=\"elementor-element elementor-element-9d80da4 elementor-widget elementor-widget-image\" data-id=\"9d80da4\" data-element_type=\"widget\" data-widget_type=\"image.default\">\n\t\t\t\t<div class=\"elementor-widget-container\">\n\t\t\t\t\t\t\t\t<div class=\"elementor-image\">\n\t\t\t\t\t\t\t\t\t\t\t\t<img loading=\"lazy\" decoding=\"async\" width=\"212\" height=\"300\" src=\"https:\/\/repensek.si\/wp-content\/uploads\/2022\/04\/termovar-212x300.png\" class=\"attachment-medium size-medium wp-image-229\" alt=\"\" srcset=\"https:\/\/repensek.si\/wp-content\/uploads\/2022\/04\/termovar-212x300.png 212w, https:\/\/repensek.si\/wp-content\/uploads\/2022\/04\/termovar-724x1024.png 724w, https:\/\/repensek.si\/wp-content\/uploads\/2022\/04\/termovar-768x1086.png 768w, https:\/\/repensek.si\/wp-content\/uploads\/2022\/04\/termovar.png 794w\" sizes=\"(max-width: 212px) 100vw, 212px\" \/>\t\t\t\t\t\t\t\t\t\t\t\t\t\t<\/div>\n\t\t\t\t\t\t<\/div>\n\t\t\t\t<\/div>\n\t\t\t\t\t\t<\/div>\n\t\t\t\t\t<\/div>\n\t\t<\/div>\n\t\t\t\t<div class=\"elementor-column elementor-col-66 elementor-top-column elementor-element elementor-element-816e096\" data-id=\"816e096\" data-element_type=\"column\">\n\t\t\t<div class=\"elementor-column-wrap elementor-element-populated\">\n\t\t\t\t\t\t\t<div class=\"elementor-widget-wrap\">\n\t\t\t\t\t\t<div class=\"elementor-element elementor-element-8882a8b elementor-widget elementor-widget-text-editor\" data-id=\"8882a8b\" data-element_type=\"widget\" data-widget_type=\"text-editor.default\">\n\t\t\t\t<div class=\"elementor-widget-container\">\n\t\t\t\t\t\t\t\t<div class=\"elementor-text-editor elementor-clearfix\">\n\t\t\t\t<h3>Avtomatske sestavne celice in celice za strego strojev<\/h3>\t\t\t\t\t<\/div>\n\t\t\t\t\t\t<\/div>\n\t\t\t\t<\/div>\n\t\t\t\t<div class=\"elementor-element elementor-element-d4a5d9b elementor-widget elementor-widget-image\" data-id=\"d4a5d9b\" data-element_type=\"widget\" data-widget_type=\"image.default\">\n\t\t\t\t<div class=\"elementor-widget-container\">\n\t\t\t\t\t\t\t\t<div class=\"elementor-image\">\n\t\t\t\t\t\t\t\t\t\t\t\t<img loading=\"lazy\" decoding=\"async\" width=\"680\" height=\"510\" src=\"https:\/\/repensek.si\/wp-content\/uploads\/2024\/04\/Zaprta.png\" class=\"attachment-medium_large size-medium_large wp-image-383\" alt=\"\" srcset=\"https:\/\/repensek.si\/wp-content\/uploads\/2024\/04\/Zaprta.png 680w, https:\/\/repensek.si\/wp-content\/uploads\/2024\/04\/Zaprta-300x225.png 300w, https:\/\/repensek.si\/wp-content\/uploads\/2024\/04\/Zaprta-600x450.png 600w\" sizes=\"(max-width: 680px) 100vw, 680px\" \/>\t\t\t\t\t\t\t\t\t\t\t\t\t\t<\/div>\n\t\t\t\t\t\t<\/div>\n\t\t\t\t<\/div>\n\t\t\t\t\t\t<\/div>\n\t\t\t\t\t<\/div>\n\t\t<\/div>\n\t\t\t\t\t\t\t\t<\/div>\n\t\t\t\t\t<\/div>\n\t\t<\/section>\n\t\t\t\t<section class=\"elementor-section elementor-top-section elementor-element elementor-element-afe684a elementor-section-boxed elementor-section-height-default elementor-section-height-default\" data-id=\"afe684a\" data-element_type=\"section\">\n\t\t\t\t\t\t<div class=\"elementor-container elementor-column-gap-default\">\n\t\t\t\t\t\t\t<div class=\"elementor-row\">\n\t\t\t\t\t<div class=\"elementor-column elementor-col-66 elementor-top-column elementor-element elementor-element-ef7fe56\" data-id=\"ef7fe56\" data-element_type=\"column\">\n\t\t\t<div class=\"elementor-column-wrap elementor-element-populated\">\n\t\t\t\t\t\t\t<div class=\"elementor-widget-wrap\">\n\t\t\t\t\t\t<div class=\"elementor-element elementor-element-3ce5c90 elementor-widget elementor-widget-text-editor\" data-id=\"3ce5c90\" data-element_type=\"widget\" data-widget_type=\"text-editor.default\">\n\t\t\t\t<div class=\"elementor-widget-container\">\n\t\t\t\t\t\t\t\t<div class=\"elementor-text-editor elementor-clearfix\">\n\t\t\t\t<h3>Ergonomsko oblikovane pol avtomatske sestavne celice<\/h3>\t\t\t\t\t<\/div>\n\t\t\t\t\t\t<\/div>\n\t\t\t\t<\/div>\n\t\t\t\t\t\t<\/div>\n\t\t\t\t\t<\/div>\n\t\t<\/div>\n\t\t\t\t<div class=\"elementor-column elementor-col-33 elementor-top-column elementor-element elementor-element-4ee2621\" data-id=\"4ee2621\" data-element_type=\"column\">\n\t\t\t<div class=\"elementor-column-wrap elementor-element-populated\">\n\t\t\t\t\t\t\t<div class=\"elementor-widget-wrap\">\n\t\t\t\t\t\t<div class=\"elementor-element elementor-element-31f42b0 elementor-widget elementor-widget-image\" data-id=\"31f42b0\" data-element_type=\"widget\" data-widget_type=\"image.default\">\n\t\t\t\t<div class=\"elementor-widget-container\">\n\t\t\t\t\t\t\t\t<div class=\"elementor-image\">\n\t\t\t\t\t\t\t\t\t\t\t\t<img loading=\"lazy\" decoding=\"async\" width=\"1024\" height=\"724\" src=\"https:\/\/repensek.si\/wp-content\/uploads\/2022\/04\/sestava-1024x724.png\" class=\"attachment-large size-large wp-image-234\" alt=\"\" srcset=\"https:\/\/repensek.si\/wp-content\/uploads\/2022\/04\/sestava-1024x724.png 1024w, https:\/\/repensek.si\/wp-content\/uploads\/2022\/04\/sestava-300x212.png 300w, https:\/\/repensek.si\/wp-content\/uploads\/2022\/04\/sestava-768x543.png 768w, https:\/\/repensek.si\/wp-content\/uploads\/2022\/04\/sestava.png 1123w\" sizes=\"(max-width: 1024px) 100vw, 1024px\" \/>\t\t\t\t\t\t\t\t\t\t\t\t\t\t<\/div>\n\t\t\t\t\t\t<\/div>\n\t\t\t\t<\/div>\n\t\t\t\t\t\t<\/div>\n\t\t\t\t\t<\/div>\n\t\t<\/div>\n\t\t\t\t\t\t\t\t<\/div>\n\t\t\t\t\t<\/div>\n\t\t<\/section>\n\t\t\t\t<section class=\"elementor-section elementor-top-section elementor-element elementor-element-4bc6a24 elementor-section-boxed elementor-section-height-default elementor-section-height-default\" data-id=\"4bc6a24\" data-element_type=\"section\">\n\t\t\t\t\t\t<div class=\"elementor-container elementor-column-gap-default\">\n\t\t\t\t\t\t\t<div class=\"elementor-row\">\n\t\t\t\t\t<div class=\"elementor-column elementor-col-33 elementor-top-column elementor-element elementor-element-7a806a6\" data-id=\"7a806a6\" data-element_type=\"column\">\n\t\t\t<div class=\"elementor-column-wrap elementor-element-populated\">\n\t\t\t\t\t\t\t<div class=\"elementor-widget-wrap\">\n\t\t\t\t\t\t<div class=\"elementor-element elementor-element-d96e015 elementor-widget elementor-widget-image\" data-id=\"d96e015\" data-element_type=\"widget\" data-widget_type=\"image.default\">\n\t\t\t\t<div class=\"elementor-widget-container\">\n\t\t\t\t\t\t\t\t<div class=\"elementor-image\">\n\t\t\t\t\t\t\t\t\t\t\t\t<img loading=\"lazy\" decoding=\"async\" width=\"300\" height=\"255\" src=\"https:\/\/repensek.si\/wp-content\/uploads\/2022\/04\/tc-e1649183391439-wpp1649188523282-300x255.png\" class=\"attachment-medium size-medium wp-image-238\" alt=\"\" srcset=\"https:\/\/repensek.si\/wp-content\/uploads\/2022\/04\/tc-e1649183391439-wpp1649188523282-300x255.png 300w, https:\/\/repensek.si\/wp-content\/uploads\/2022\/04\/tc-e1649183391439-wpp1649188523282.png 530w\" sizes=\"(max-width: 300px) 100vw, 300px\" \/>\t\t\t\t\t\t\t\t\t\t\t\t\t\t<\/div>\n\t\t\t\t\t\t<\/div>\n\t\t\t\t<\/div>\n\t\t\t\t\t\t<\/div>\n\t\t\t\t\t<\/div>\n\t\t<\/div>\n\t\t\t\t<div class=\"elementor-column elementor-col-66 elementor-top-column elementor-element elementor-element-d32909c\" data-id=\"d32909c\" data-element_type=\"column\">\n\t\t\t<div class=\"elementor-column-wrap elementor-element-populated\">\n\t\t\t\t\t\t\t<div class=\"elementor-widget-wrap\">\n\t\t\t\t\t\t<div class=\"elementor-element elementor-element-2bf59c7 elementor-widget elementor-widget-text-editor\" data-id=\"2bf59c7\" data-element_type=\"widget\" data-widget_type=\"text-editor.default\">\n\t\t\t\t<div class=\"elementor-widget-container\">\n\t\t\t\t\t\t\t\t<div class=\"elementor-text-editor elementor-clearfix\">\n\t\t\t\t<h3>Kontrolne priprave za QC<\/h3>\t\t\t\t\t<\/div>\n\t\t\t\t\t\t<\/div>\n\t\t\t\t<\/div>\n\t\t\t\t<div class=\"elementor-element elementor-element-4aeb850 elementor-widget elementor-widget-image\" data-id=\"4aeb850\" data-element_type=\"widget\" data-widget_type=\"image.default\">\n\t\t\t\t<div class=\"elementor-widget-container\">\n\t\t\t\t\t\t\t\t<div class=\"elementor-image\">\n\t\t\t\t\t\t\t\t\t\t\t\t<img loading=\"lazy\" decoding=\"async\" width=\"300\" height=\"266\" src=\"https:\/\/repensek.si\/wp-content\/uploads\/2024\/04\/ok-300x266.png\" class=\"attachment-medium size-medium wp-image-385\" alt=\"\" srcset=\"https:\/\/repensek.si\/wp-content\/uploads\/2024\/04\/ok-300x266.png 300w, https:\/\/repensek.si\/wp-content\/uploads\/2024\/04\/ok-600x531.png 600w, https:\/\/repensek.si\/wp-content\/uploads\/2024\/04\/ok.png 661w\" sizes=\"(max-width: 300px) 100vw, 300px\" \/>\t\t\t\t\t\t\t\t\t\t\t\t\t\t<\/div>\n\t\t\t\t\t\t<\/div>\n\t\t\t\t<\/div>\n\t\t\t\t\t\t<\/div>\n\t\t\t\t\t<\/div>\n\t\t<\/div>\n\t\t\t\t\t\t\t\t<\/div>\n\t\t\t\t\t<\/div>\n\t\t<\/section>\n\t\t\t\t<section class=\"elementor-section elementor-top-section elementor-element elementor-element-58a2a7e elementor-section-boxed elementor-section-height-default elementor-section-height-default\" data-id=\"58a2a7e\" data-element_type=\"section\">\n\t\t\t\t\t\t<div class=\"elementor-container elementor-column-gap-default\">\n\t\t\t\t\t\t\t<div class=\"elementor-row\">\n\t\t\t\t\t<div class=\"elementor-column elementor-col-66 elementor-top-column elementor-element elementor-element-96f6b68\" data-id=\"96f6b68\" data-element_type=\"column\">\n\t\t\t<div class=\"elementor-column-wrap elementor-element-populated\">\n\t\t\t\t\t\t\t<div class=\"elementor-widget-wrap\">\n\t\t\t\t\t\t<div class=\"elementor-element elementor-element-734017f elementor-widget elementor-widget-text-editor\" data-id=\"734017f\" data-element_type=\"widget\" data-widget_type=\"text-editor.default\">\n\t\t\t\t<div class=\"elementor-widget-container\">\n\t\t\t\t\t\t\t\t<div class=\"elementor-text-editor elementor-clearfix\">\n\t\t\t\t<p>Ro\u010dne pol avtomatske priprave za sestavo kosov<\/p>\t\t\t\t\t<\/div>\n\t\t\t\t\t\t<\/div>\n\t\t\t\t<\/div>\n\t\t\t\t\t\t<\/div>\n\t\t\t\t\t<\/div>\n\t\t<\/div>\n\t\t\t\t<div class=\"elementor-column elementor-col-33 elementor-top-column elementor-element elementor-element-ff3af26\" data-id=\"ff3af26\" data-element_type=\"column\">\n\t\t\t<div class=\"elementor-column-wrap elementor-element-populated\">\n\t\t\t\t\t\t\t<div class=\"elementor-widget-wrap\">\n\t\t\t\t\t\t<div class=\"elementor-element elementor-element-c7e2ee4 elementor-widget elementor-widget-image\" data-id=\"c7e2ee4\" data-element_type=\"widget\" data-widget_type=\"image.default\">\n\t\t\t\t<div class=\"elementor-widget-container\">\n\t\t\t\t\t\t\t\t<div class=\"elementor-image\">\n\t\t\t\t\t\t\t\t\t\t\t\t<img loading=\"lazy\" decoding=\"async\" width=\"303\" height=\"468\" src=\"https:\/\/repensek.si\/wp-content\/uploads\/2022\/04\/presa-e1649183237276-wpp1649188500709.png\" class=\"attachment-large size-large wp-image-239\" alt=\"\" srcset=\"https:\/\/repensek.si\/wp-content\/uploads\/2022\/04\/presa-e1649183237276-wpp1649188500709.png 303w, https:\/\/repensek.si\/wp-content\/uploads\/2022\/04\/presa-e1649183237276-wpp1649188500709-194x300.png 194w\" sizes=\"(max-width: 303px) 100vw, 303px\" \/>\t\t\t\t\t\t\t\t\t\t\t\t\t\t<\/div>\n\t\t\t\t\t\t<\/div>\n\t\t\t\t<\/div>\n\t\t\t\t\t\t<\/div>\n\t\t\t\t\t<\/div>\n\t\t<\/div>\n\t\t\t\t\t\t\t\t<\/div>\n\t\t\t\t\t<\/div>\n\t\t<\/section>\n\t\t\t\t<section class=\"elementor-section elementor-top-section elementor-element elementor-element-9727ec4 elementor-section-boxed elementor-section-height-default elementor-section-height-default\" data-id=\"9727ec4\" data-element_type=\"section\">\n\t\t\t\t\t\t<div class=\"elementor-container elementor-column-gap-default\">\n\t\t\t\t\t\t\t<div class=\"elementor-row\">\n\t\t\t\t\t<div class=\"elementor-column elementor-col-100 elementor-top-column elementor-element elementor-element-faeac62\" data-id=\"faeac62\" data-element_type=\"column\">\n\t\t\t<div class=\"elementor-column-wrap\">\n\t\t\t\t\t\t\t<div class=\"elementor-widget-wrap\">\n\t\t\t\t\t\t\t\t<\/div>\n\t\t\t\t\t<\/div>\n\t\t<\/div>\n\t\t\t\t\t\t\t\t<\/div>\n\t\t\t\t\t<\/div>\n\t\t<\/section>\n\t\t\t\t<section class=\"elementor-section elementor-top-section elementor-element elementor-element-2e93383 elementor-section-full_width elementor-section-height-default elementor-section-height-default\" data-id=\"2e93383\" data-element_type=\"section\">\n\t\t\t\t\t\t<div class=\"elementor-container elementor-column-gap-default\">\n\t\t\t\t\t\t\t<div class=\"elementor-row\">\n\t\t\t\t\t<div class=\"elementor-column elementor-col-100 elementor-top-column elementor-element elementor-element-72c7018\" data-id=\"72c7018\" data-element_type=\"column\">\n\t\t\t<div class=\"elementor-column-wrap elementor-element-populated\">\n\t\t\t\t\t\t\t<div class=\"elementor-widget-wrap\">\n\t\t\t\t\t\t<div class=\"elementor-element elementor-element-426d1a1 elementor-widget elementor-widget-text-editor\" data-id=\"426d1a1\" data-element_type=\"widget\" data-widget_type=\"text-editor.default\">\n\t\t\t\t<div class=\"elementor-widget-container\">\n\t\t\t\t\t\t\t\t<div class=\"elementor-text-editor elementor-clearfix\">\n\t\t\t\t<h1>Zaupajo nam:<\/h1>\t\t\t\t\t<\/div>\n\t\t\t\t\t\t<\/div>\n\t\t\t\t<\/div>\n\t\t\t\t<div class=\"elementor-element elementor-element-7a0988b elementor-arrows-position-inside elementor-pagination-position-outside elementor-widget elementor-widget-image-carousel\" data-id=\"7a0988b\" data-element_type=\"widget\" data-settings=\"{&quot;navigation&quot;:&quot;both&quot;,&quot;autoplay&quot;:&quot;yes&quot;,&quot;pause_on_hover&quot;:&quot;yes&quot;,&quot;pause_on_interaction&quot;:&quot;yes&quot;,&quot;autoplay_speed&quot;:5000,&quot;infinite&quot;:&quot;yes&quot;,&quot;speed&quot;:500}\" data-widget_type=\"image-carousel.default\">\n\t\t\t\t<div class=\"elementor-widget-container\">\n\t\t\t\t\t<div class=\"elementor-image-carousel-wrapper swiper-container\" dir=\"ltr\">\n\t\t\t<div class=\"elementor-image-carousel swiper-wrapper\">\n\t\t\t\t\t\t\t\t<div class=\"swiper-slide\"><figure class=\"swiper-slide-inner\"><img decoding=\"async\" class=\"swiper-slide-image\" src=\"https:\/\/repensek.si\/wp-content\/uploads\/2024\/04\/gubanc.png\" alt=\"gubanc\" \/><\/figure><\/div><div class=\"swiper-slide\"><figure class=\"swiper-slide-inner\"><img decoding=\"async\" class=\"swiper-slide-image\" src=\"https:\/\/repensek.si\/wp-content\/uploads\/2024\/04\/image-2022-02-15T13-07-07-067Z-300x142.png\" alt=\"image-2022-02-15T13-07-07-067Z\" \/><\/figure><\/div><div class=\"swiper-slide\"><figure class=\"swiper-slide-inner\"><img decoding=\"async\" class=\"swiper-slide-image\" src=\"https:\/\/repensek.si\/wp-content\/uploads\/2024\/04\/logordx-300x87.png\" alt=\"logordx\" \/><\/figure><\/div><div class=\"swiper-slide\"><figure class=\"swiper-slide-inner\"><img decoding=\"async\" class=\"swiper-slide-image\" src=\"https:\/\/repensek.si\/wp-content\/uploads\/2024\/04\/corpo-logo-crn-2-300x129.png\" alt=\"corpo logo crn-2\" \/><\/figure><\/div>\t\t\t<\/div>\n\t\t\t\t\t\t\t\t\t\t\t\t<div class=\"swiper-pagination\"><\/div>\n\t\t\t\t\t\t\t\t\t\t\t\t\t<div class=\"elementor-swiper-button elementor-swiper-button-prev\">\n\t\t\t\t\t\t<i aria-hidden=\"true\" class=\"eicon-chevron-left\"><\/i>\t\t\t\t\t\t<span class=\"elementor-screen-only\">Previous<\/span>\n\t\t\t\t\t<\/div>\n\t\t\t\t\t<div class=\"elementor-swiper-button elementor-swiper-button-next\">\n\t\t\t\t\t\t<i aria-hidden=\"true\" class=\"eicon-chevron-right\"><\/i>\t\t\t\t\t\t<span class=\"elementor-screen-only\">Next<\/span>\n\t\t\t\t\t<\/div>\n\t\t\t\t\t\t\t\t\t<\/div>\n\t\t\t\t<\/div>\n\t\t\t\t<\/div>\n\t\t\t\t\t\t<\/div>\n\t\t\t\t\t<\/div>\n\t\t<\/div>\n\t\t\t\t\t\t\t\t<\/div>\n\t\t\t\t\t<\/div>\n\t\t<\/section>\n\t\t\t\t\t\t\t\t\t<\/div>\n\t\t\t<\/div>\n\t\t\t\t\t<\/div>\n\t\t","protected":false},"excerpt":{"rendered":"<p>\u00a0 \u00a0 \u00a0 Re\u0161itve po meri Cenovno ugodne re\u0161itve po meri s kratkimi dobavnimi roki Poleg standardnih strojev RKsolutions dobavlja tudi re\u0161itve po meri. Stroji in re\u0161itve, ki v celoti ustrezajo \u017eeljam in potrebam na\u0161ih strank, \u010desar z na\u0161imi standardnimi stroji ni mogo\u010de uresni\u010diti. Razvoj je mogo\u010de na\u010drtovati, preizkusiti in realizirati v kratkem \u010dasu po [&hellip;]<\/p>\n","protected":false},"author":1,"featured_media":0,"parent":0,"menu_order":0,"comment_status":"closed","ping_status":"closed","template":"","meta":{"footnotes":""},"_links":{"self":[{"href":"https:\/\/repensek.si\/index.php?rest_route=\/wp\/v2\/pages\/208"}],"collection":[{"href":"https:\/\/repensek.si\/index.php?rest_route=\/wp\/v2\/pages"}],"about":[{"href":"https:\/\/repensek.si\/index.php?rest_route=\/wp\/v2\/types\/page"}],"author":[{"embeddable":true,"href":"https:\/\/repensek.si\/index.php?rest_route=\/wp\/v2\/users\/1"}],"replies":[{"embeddable":true,"href":"https:\/\/repensek.si\/index.php?rest_route=%2Fwp%2Fv2%2Fcomments&post=208"}],"version-history":[{"count":52,"href":"https:\/\/repensek.si\/index.php?rest_route=\/wp\/v2\/pages\/208\/revisions"}],"predecessor-version":[{"id":388,"href":"https:\/\/repensek.si\/index.php?rest_route=\/wp\/v2\/pages\/208\/revisions\/388"}],"wp:attachment":[{"href":"https:\/\/repensek.si\/index.php?rest_route=%2Fwp%2Fv2%2Fmedia&parent=208"}],"curies":[{"name":"wp","href":"https:\/\/api.w.org\/{rel}","templated":true}]}}